re the prime factors of 22645?
5, 7, 647
What are the prime factors of 30332?
2, 7583
What are the prime factors of 144065?
5, 28813
What are the prime factors of 805?
5, 7, 23
What are the prime factors of 325?
5, 13
What are the prime factors of 111456?
2, 3, 43
What are the prime factors of 2039?
2039
List the prime factors of 101590.
2, 5, 10159
What are the prime factors of 6561?
3
List the prime factors of 91446.
2, 3, 15241
List the prime factors of 1190.
2, 5, 7, 17
List the prime factors of 149.
149
List the prime factors of 352.
2, 11
List the prime factors of 9012.
2, 3, 751
What are the prime factors of 8592?
2, 3, 179
What are the prime factors of 34318?
2, 17159
List the prime factors of 7822.
2, 3911
List the prime factors of 2589.
3, 863
List the prime factors of 2381.
2381
What are the prime factors of 1549?
1549
What are the prime factors of 1339?
13, 103
List the prime factors of 15145.
5, 13, 233
What are the prime factors of 1337?
7, 191
What are the prime factors of 35568?
2, 3, 13, 19
List the prime factors of 423.
3, 47
What are the prime factors of 18085?
5, 3617
What are the prime factors of 4922?
2, 23, 107
List the prime factors of 284.
2, 71
What are the prime factors of 2898?
2, 3, 7, 23
List the prime factors of 125617.
125617
List the prime factors of 12715.
5, 2543
List the prime factors of 4310.
2, 5, 431
List the prime factors of 377.
13, 29
What are the prime factors of 6494?
2, 17, 191
List the prime factors of 729.
3
List the prime factors of 2292.
2, 3, 191
What are the prime factors of 110630?
2, 5, 13, 23, 37
What are the prime factors of 2293?
2293
List the prime factors of 809.
809
List the prime factors of 3366.
2, 3, 11, 17
List the prime factors of 117349.
239, 491
List the prime factors of 980.
2, 5, 7
What are the prime factors of 26119?
26119
What are the prime factors of 7013?
7013
List the prime factors of 5022.
2, 3, 31
List the prime factors of 677.
677
What are the prime factors of 23572?
2, 71, 83
What are the prime factors of 4526?
2, 31, 73
List the prime factors of 1473.
3, 491
List the prime factors of 1252.
2, 313
List the prime factors of 21709.
17, 1277
What are the prime factors of 5923?
5923
What are the prime factors of 13374?
2, 3, 743
What are the prime factors of 2677?
2677
What are the prime factors of 9064?
2, 11, 103
List the prime factors of 5279.
5279
What are the prime factors of 1526?
2, 7, 109
List the prime factors of 981.
3, 109
What are the prime factors of 1364?
2, 11, 31
List the prime factors of 26666.
2, 67, 199
What are the prime factors of 83527?
101, 827
What are the prime factors of 56015?
5, 17, 659
List the prime factors of 1131.
3, 13, 29
What are the prime factors of 58084?
2, 13, 1117
What are the prime factors of 15410?
2, 5, 23, 67
What are the prime factors of 44112?
2, 3, 919
What are the prime factors of 1490?
2, 5, 149
What are the prime factors of 1918?
2, 7, 137
List the prime factors of 2597.
7, 53
List the prime factors of 2852.
2, 23, 31
What are the prime factors of 1766?
2, 883
List the prime factors of 4211.
4211
What are the prime factors of 3445?
5, 13, 53
What are the prime factors of 8822?
2, 11, 401
What are the prime factors of 15594?
2, 3, 23, 113
List the prime factors of 2358.
2, 3, 131
What are the prime factors of 113105?
5, 22621
What are the prime factors of 3626?
2, 7, 37
What are the prime factors of 283?
283
List the prime factors of 557.
557
What are the prime factors of 41890?
2, 5, 59, 71
What are the prime factors of 17408?
2, 17
List the prime factors of 3379.
31, 109
What are the prime factors of 19825?
5, 13, 61
List the prime factors of 290.
2, 5, 29
List the prime factors of 161433.
3, 1993
List the prime factors of 2120.
2, 5, 53
What are the prime factors of 1380?
2, 3, 5, 23
What are the prime factors of 54320?
2, 5, 7, 97
List the prime factors of 688.
2, 43
List the prime factors of 26171.
26171
What are the prime factors of 7137?
3, 13, 61
What are the prime factors of 71291?
11, 6481
What are the prime factors of 5038?
2, 11, 229
What are the prime factors of 3491?
3491
What are the prime factors of 112188?
2, 3, 9349
List the prime factors of 6071.
13, 467
List the prime factors of 1319.
1319
List the prime factors of 39438.
2, 3, 7, 313
List the prime factors of 89866.
2, 7, 131
What are the prime factors of 514?
2, 257
List the prime factors of 4054.
2, 2027
What are the prime factors of 9192?
2, 3, 383
List the prime factors of 31135.
5, 13, 479
What are the prime factors of 3535?
5, 7, 101
What are the prime factors of 28864?
2, 11, 41
What are the prime factors of 544?
2, 17
What are the prime factors of 785?
5, 157
What are the prime factors of 875?
5, 7
What are the prime factors of 7779?
3, 2593
What are the prime factors of 33340?
2, 5, 1667
List the prime factors of 1885.
5, 13, 29
What are the prime factors of 7576?
2, 947
What are the prime factors of 50108?
2, 12527
What are the prime factors of 12797?
67, 191
List the prime factors of 4669.
7, 23, 29
List the prime factors of 1059.
3, 353
What are the prime factors of 806?
2, 13, 31
List the prime factors of 49221.
3, 1823
What are the prime factors of 3220?
2, 5, 7, 23
What are the prime factors of 1725?
3, 5, 23
What are the prime factors of 38864?
2, 7, 347
List the prime factors of 22605.
3, 5, 11, 137
What are the prime factors of 72122?
2, 36061
What are the prime factors of 1678?
2, 839
What are the prime factors of 329?
7, 47
What are the prime factors of 18244?
2, 4561
What are the prime factors of 215?
5, 43
List the prime factors of 7.
7
What are the prime factors of 39424?
2, 7, 11
List the prime factors of 790.
2, 5, 79
What are the prime factors of 5438?
2, 2719
List the prime factors of 1261.
13, 97
What are the prime factors of 21539?
7, 17, 181
List the prime factors of 9718.
2, 43, 113
List the prime factors of 12686.
2, 6343
List the prime factors of 2279.
43, 53
List the prime factors of 3898.
2, 1949
What are the prime factors of 140655?
3, 5, 9377
List the prime factors of 10040.
2, 5, 251
List the prime factors of 81636.
2, 3, 6803
List the prime factors of 31961.
31, 1031
What are the prime factors of 13871?
11, 13, 97
What are the prime factors of 3571?
3571
List the prime factors of 10741.
23, 467
What are the prime factors of 92249?
29, 3181
What are the prime factors of 7064?
2, 883
List the prime factors of 53222.
2, 13, 23, 89
List the prime factors of 87433.
87433
List the prime factors of 30894.
2, 3, 19, 271
List the prime factors of 57683.
37, 1559
What are the prime factors of 588?
2, 3, 7
List the prime factors of 3236.
2, 809
What are the prime factors of 6010?
2, 5, 601
What are the prime factors of 2169?
3, 241
List the prime factors of 81750.
2, 3, 5, 109
What are the prime factors of 96707?
13, 43, 173
List the prime factors of 912.
2, 3, 19
List the prime factors of 3136.
2, 7
List the prime factors of 114.
2, 3, 19
List the prime factors of 1200.
2, 3, 5
What are the prime factors of 19697?
19697
List the prime factors of 36843.
3, 12281
What are the prime factors of 42999?
3, 11, 1303
What are the prime factors of 14222?
2, 13, 547
What are the prime factors of 12074?
2, 6037
What are the prime factors of 28725?
3, 5, 383
List the prime factors of 143342.
2, 71671
What are the prime factors of 524?
2, 131
List the prime factors of 968.
2, 11
List the prime factors of 1419.
3, 11, 43
What are the prime factors of 626?
2, 313
List the prime factors of 111.
3, 37
List the prime factors of 2926.
2, 7, 11, 19
What are the prime factors of 17549?
7, 23, 109
What are the prime factors of 32576?
2, 509
What are the prime factors of 24827?
11, 37, 61
What are the prime factors of 88400?
2, 5, 13, 17
What are the prime factors of 26552?
2, 3319
What are the prime factors of 2090?
2, 5, 11, 19
List the prime factors of 1332.
2, 3, 37
What are the prime factors of 14633?
14633
List the prime factors of 126224.
2, 7, 23
List the prime factors of 1243.
11, 113
What are the prime factors of 16642?
2, 53, 157
List the prime factors of 17225.
5, 13, 53
List the prime factors of 33645.
3, 5, 2243
What are the prime factors of 4045?
5, 809
List the prime factors of 52458.
2, 3, 7, 1249
What are the prime factors o